et j be 0 - 4/(-4) - 1. Suppose -5*m = 5*c, j = 3*m + 2*c + 2*c + 3. Suppose -3*n + 147 = m*s, -5*n + 64 = 4*s - 178. What are the prime factors of n?
2, 23
Let p(i) = 8*i**3 - 4*i + 2. Let j be p(1). Suppose -j*l - 846 = -12*l. What are the prime factors of l?
3, 47
Let b = 38 - 73. Let i = 264 - 171. Let s = b + i. What are the prime factors of s?
2, 29
Let j be -2 - (11 + -5 + -303). Let m = j - 154. List the prime factors of m.
3, 47
What are the prime factors of (53 + -8)*(-2)/(-3 - (-89958)/30006)?
3, 1667
Suppose 6 = -11*c + 14*c. Suppose -3*q - c*i = -3*i - 35, -q = 2*i. List the prime factors of 7 - 204/30 - (-658)/q.
2, 3, 11
Suppose 0 = -3*y - 1189 + 5068. Suppose 2*x - y = -2*w - 3*w, 3*x + 1298 = 5*w. What are the prime factors of w?
7, 37
Let x be 1862/6 - (-165)/(-495). Let m = -295 - -91. Let y = m + x. List the prime factors of y.
2, 53
Suppose -4*k + 157988 = -4*z, 37284 = 2*k - 5*z - 41689. List the prime factors of k.
2, 3, 823
Let p(c) = c**2 - 2*c - 6. Let y be p(6). Suppose -2506 = 5*g - 3*i, -584*g = -588*g + i - 2009. What are the prime factors of g/(-5) - y/(-45)?
101
Let d be (-16)/(-128) + 0 + 48558/16. Suppose 5*q = j + 3*j + d, -4*j = 4*q - 2428. List the prime factors of q.
607
Suppose 5*c - 28281 = 3*o, -c - 3*o + 3289 = -2342. What are the prime factors of c?
2, 3, 157
Let w(b) = 58*b - 56. Let c = 19 + -11. List the prime factors of w(c).
2, 3, 17
Let v(i) = i**3 - 3*i**2 - 3*i + 2. Let j be v(4). Suppose -4*n + j*y = y + 17, y = n + 3. Suppose n*k - 336 + 122 = 0. List the prime factors of k.
107
Let a = -5467 + 14745. List the prime factors of a.
2, 4639
Let p = 4936 - -7021. List the prime factors of p.
11, 1087
Let k = 7000 + -4762. List the prime factors of k.
2, 3, 373
What are the prime factors of (1/(1 + 1) + -67)*(-675 + 543)?
2, 3, 7, 11, 19
Let z(o) = 114*o**3 + 41*o**2 - 27*o - 30. List the prime factors of z(5).
2, 5, 1511
Let q = 4274 + -2731. List the prime factors of q.
1543
Let x = 6 + 49. Suppose -8*d + 19*d - x = 0. List the prime factors of d + -1 - (1 + -1).
2
Let q(w) = 26*w**2 + 185*w + 2499. List the prime factors of q(-12).
3, 149
Suppose -10395 = -25*y - 2*y. What are the prime factors of (y + 0)*(228/21 - 10)?
2, 3, 5, 11
Let q = -68 + 68. Suppose 13*f + f - 308 = q. List the prime factors of f.
2, 11
Suppose 5*q + 23*j - 595 = 18*j, -4*q + 3*j + 455 = 0. Suppose q*z + 219 = 117*z. List the prime factors of z.
3, 73
Let t = 2541 - -1518. List the prime factors of t.
3, 11, 41
Let t(h) = -115*h + 35. Let q be t(-10). Suppose 6*b = q + 171. List the prime factors of b.
2, 113
List the prime factors of (-28)/4 - -18945 - (7 - -1).
2, 3, 5, 631
Let y(i) = i**3 - 14*i**2 - 52*i + 19. Let d be y(17). Suppose 0 = -2*o - c + 878, -5*o + 0*o - d*c = -2196. List the prime factors of o.
2, 5, 11
Let l = -25221 - -35658. What are the prime factors of l?
3, 7, 71
Let j(m) = 9*m**2 + 36*m + 56. Let q be j(-26). Suppose -34*l = q - 21830. List the prime factors of l.
3, 163
Suppose -32*v = -55*v + 249067. List the prime factors of v.
7, 13, 17
Let f be 4*((-558)/(-408) - (-4)/(-34)). Suppose -1859 = -5*w - 7*u + 3*u, -1857 = -f*w - 2*u. List the prime factors of w.
7, 53
Let t(z) be the second derivative of 5*z**4/4 + 17*z**3/6 - 2*z**2 - 13*z. Let f be t(7). Suppose -2*w = 3*w - f. What are the prime factors of w?
2, 5, 17
Let m(j) = -j - 4. Let w be m(-4). Suppose -2*c + 91 + 423 = w. List the prime factors of c.
257
Suppose -13*i - 12 = 27. Let m(w) = -5*w**3 - 2*w**2 + 11*w + 17. List the prime factors of m(i).
101
Let o(h) = -230*h + 358. List the prime factors of o(-16).
2, 3, 673
Let w(g) = -g**3 + 13*g**2 - 7*g - 19. Suppose 25*j - 6*j = 209. What are the prime factors of w(j)?
2, 73
List the prime factors of ((-924)/(-11))/(-28) + (2 - 1)*5587.
2, 349
Let l(b) = 2*b**2 + 12*b + 5. Let c be l(-7). Suppose 5*x - 7 = 3*r + 43, r = 2*x - c. Suppose 14*y = x*y + 693. What are the prime factors of y?
3, 11
Let v = 6272 + 17197. List the prime factors of v.
3, 7823
Let p = -27262 + 44939. What are the prime factors of p?
11, 1607
Let v(h) = h**3 + 11*h**2 - 12*h + 18. Let f be v(-12). Let c = 34 - f. Suppose c*j - 13*j - 594 = 0. What are the prime factors of j?
2, 3, 11
Let z(a) = 2*a - 18. Let b(x) = 3*x - 25. Let p be b(13). Let g be z(p). List the prime factors of -1*(5 + -4)*(0 - g).
2, 5
What are the prime factors of ((-685890)/315)/((-6)/21)?
7621
Suppose -56*q = -57*q + 42. Let w be ((-20)/(-30))/((-4)/q). Let s(t) = -t**3 - 4*t**2 + 17*t + 2. What are the prime factors of s(w)?
2, 3, 5
Suppose 2*i = 5*h - 604, 3*i - 257 = -3*h + 97. Suppose 0 = 2*t - s - 858 + h, 0 = -s. What are the prime factors of t?
3, 41
Suppose -15*a = -18*a - 1047. Let j = 230 + a. Let v = 323 + j. What are the prime factors of v?
2, 3, 17
Suppose 0 = -30*b + 31*b - 3. Suppose 3*u = -5*d + 126, -b*d - 5*u = -d - 58. Let k = 28 - d. List the prime factors of k.
2
Let t = -30 + 33. Suppose -t*j - 6*j + 36 = 0. Suppose 4*u = -x + 67, j*x + u - 174 = 109. What are the prime factors of x?
71
Let v = 405 - 461. Let a = 565 - v. What are the prime factors of a?
3, 23
Let c(w) = -2*w**2 - 5*w + 3. Let d be c(-3). Let v be (2 + d + -3)*-5. Let g(m) = 8*m**2 - 14*m + 1. What are the prime factors of g(v)?
131
Suppose -5*k = 2*b - 1650, 6*b + 2433 = 9*b - 3*k. Suppose -4*i - 5*q = -9*q - 824, 4*i - b = q. What are the prime factors of i?
7, 29
Let i = 133 + 7. Suppose -c - i = c. List the prime factors of (56/c)/((-2)/50).
2, 5
Suppose 5*i - 2 = 4*g, 0 = -3*i + 2*g - 2 + 4. Suppose 0 = -i*h + 13 + 3. Let j(a) = 15*a + 63. List the prime factors of j(h).
3, 61
Suppose -892622 - 349776 = 16*y - 110*y. What are the prime factors of y?
13217
Let c(x) = 2 - 30*x - 11 + 90*x + 18*x**2 - 26*x - 35*x. What are the prime factors of c(7)?
2, 433
Let o(d) = -85*d - 72. Let j be o(16). List the prime factors of (-3)/(-3*(-8)/j).
179
Suppose 0 = -11*o + 12232 + 83677. List the prime factors of o.
8719
Suppose 50*c = 58*c - 16. Suppose 5*p = -4*h + 2925, -c*p + 5*p = -5*h + 1742. What are the prime factors of p?
19, 31
Let i(u) = 35*u + 86. Let l be i(23). Suppose 0 = -885*d + l*d - 4416. What are the prime factors of d?
2, 23
Let u be 1 + 3 + 0 + -3 + -1. Suppose -22*k + 23*k - 4296 = u. List the prime factors of (-8)/52 - k/(-39).
2, 5, 11
Suppose 0*j - 2*j = 2*m - 4, 4*m = -8. What are the prime factors of 5585/20 - -1 - j/16?
2, 5, 7
Let u be (-4)/22 + (210/77)/15. Suppose u = -5*v + 4*v + 1230. List the prime factors of v.
2, 3, 5, 41
Suppose 0 = 2*x - 26 + 20. What are the prime factors of (2/(-18)*-3)/(x/5706)?
2, 317
Suppose -65 = 3*w - 2*u + 1656, -2866 = 5*w - u. List the prime factors of 24/(-4) - w - (-16)/4.
571
Suppose -133 = 6*d + 101. Let s = 73 - 12. Let l = d + s. List the prime factors of l.
2, 11
Let p(v) = -v**3 - 2*v**2 - 4. Suppose -14 = -t + 6*t - a, -3*t + 2*a = 7. Let o be p(t). Suppose -2*g + 630 = o*g. What are the prime factors of g?
2, 3, 5
Let c = 533 + -530. Suppose -8 = 2*w, -15*z + c*w = -16*z + 1272. What are the prime factors of z?
2, 3, 107
Suppose 3*t = -5*g + 30, -2 = -g + t - 4. What are the prime factors of (0 - (-542)/g)*(-6 + 9)?
2, 271
Suppose 5*b = y - 40, 2*y = -2*b - 5 + 145. Let z = 748 - y. List the prime factors of z.
683
Let d = -6855 - -8372. What are the prime factors of d?
37, 41
Let m = 747 + -122. Let b(v) = 3*v**3 + 6*v**2 + v - 4. Let i be b(-6). Let u = m + i. List the prime factors of u.
3, 61
Let j(f) = 26*f - 109. Let d(z) = -z**3 + 9*z**2 - 6*z + 1. Let s be d(2). List the prime factors of j(s).
3, 37
Suppose 0 = -5*g - 5*y + 350, 2*y + 274 = 3*g + 39. Suppose 10*n = 18*n + 14*n + 1122. Let o = g + n. List the prime factors of o.
2, 3
What are the prime factors of (-17 - (-4725)/275) + 5971/11?
3, 181
Let o = -1 - -133. Suppose -2*a - o = -3*a - 4*q, 4*q - 552 = -4*a. What are the prime factors of a?
2, 5, 7
Suppose -27*u + 803069 = 131066. What are the prime factors of u?
24889
Let f be ((-120)/(-14))/((-20)/(-350)). Suppose 192 = 6*l - f. List the prime factors of l.
3, 19
Let y be 27 + -3 + 6 + -5. Suppose -364 = 21*z - y*z. Let l = z - 39. List the prime factors of l.
2, 13
Let r(l) = -3*l - 25. Let m be r(-8). Let i be 6 - m - 4 - 1. Suppose i*d - 290 = -3*d. What ar